of 364 and 104?
52
Calculate the greatest common divisor of 48 and 3072.
48
Calculate the greatest common divisor of 221 and 65.
13
What is the greatest common divisor of 7312 and 16?
16
Calculate the highest common divisor of 7582 and 578.
34
What is the greatest common factor of 60 and 795?
15
Calculate the highest common divisor of 154 and 42.
14
Calculate the greatest common factor of 58 and 15921.
29
Calculate the highest common divisor of 3471 and 6408.
267
What is the highest common divisor of 1792 and 224?
224
What is the greatest common divisor of 130 and 7306?
26
What is the highest common divisor of 2010 and 180?
30
What is the greatest common divisor of 42 and 111?
3
What is the highest common divisor of 13440 and 105?
105
What is the highest common factor of 14 and 553?
7
Calculate the greatest common divisor of 1700 and 272.
68
Calculate the highest common divisor of 40 and 680.
40
What is the greatest common factor of 1842 and 6?
6
What is the highest common divisor of 76878 and 18?
18
Calculate the greatest common factor of 8760 and 360.
120
What is the greatest common factor of 13 and 247?
13
Calculate the highest common divisor of 1425 and 1650.
75
Calculate the greatest common divisor of 185 and 296.
37
What is the highest common factor of 7704 and 96?
24
Calculate the greatest common divisor of 497 and 1562.
71
What is the highest common divisor of 38 and 247?
19
What is the greatest common factor of 128 and 8?
8
What is the highest common factor of 40 and 1715?
5
Calculate the highest common factor of 90 and 345.
15
Calculate the highest common divisor of 4410 and 90.
90
What is the greatest common factor of 352 and 42416?
176
What is the highest common divisor of 101 and 3131?
101
What is the greatest common divisor of 2054 and 442?
26
Calculate the greatest common factor of 84 and 60.
12
Calculate the highest common divisor of 11 and 3.
1
Calculate the highest common factor of 640 and 20.
20
Calculate the highest common factor of 406 and 899.
29
What is the highest common divisor of 3267 and 27?
27
What is the greatest common factor of 15 and 483?
3
What is the greatest common factor of 34 and 1?
1
What is the highest common factor of 3904 and 1403?
61
What is the highest common divisor of 245 and 28?
7
Calculate the highest common factor of 18 and 376.
2
What is the highest common factor of 765 and 1224?
153
What is the greatest common divisor of 4676 and 14?
14
What is the greatest common factor of 57 and 893?
19
Calculate the highest common divisor of 76 and 114.
38
What is the greatest common factor of 2820 and 60?
60
Calculate the greatest common factor of 2891 and 118.
59
Calculate the highest common divisor of 380 and 280.
20
What is the greatest common factor of 41 and 1025?
41
What is the greatest common divisor of 14 and 686?
14
Calculate the greatest common divisor of 35 and 1655.
5
What is the highest common divisor of 98 and 245?
49
What is the highest common factor of 533 and 205?
41
Calculate the greatest common divisor of 2 and 2.
2
What is the greatest common factor of 4 and 53764?
4
What is the greatest common factor of 10 and 40?
10
Calculate the greatest common divisor of 16 and 1024.
16
Calculate the greatest common divisor of 15 and 795.
15
Calculate the greatest common divisor of 404 and 61610.
202
What is the greatest common factor of 6 and 35562?
6
What is the greatest common factor of 170 and 1122?
34
What is the greatest common factor of 274 and 4?
2
What is the highest common divisor of 12 and 276?
12
Calculate the greatest common divisor of 76 and 133.
19
What is the highest common factor of 39831 and 66?
33
Calculate the highest common factor of 3 and 417.
3
What is the highest common factor of 3 and 57?
3
What is the highest common factor of 50184 and 17?
17
What is the highest common divisor of 183 and 87?
3
Calculate the greatest common factor of 21 and 24.
3
What is the greatest common factor of 3265 and 5?
5
Calculate the greatest common divisor of 15 and 255.
15
What is the highest common divisor of 9 and 738?
9
Calculate the highest common divisor of 6 and 1686.
6
What is the highest common factor of 17 and 1139?
17
Calculate the highest common factor of 9531 and 353.
353
What is the greatest common divisor of 23 and 437?
23
Calculate the greatest common factor of 16 and 10928.
16
Calculate the highest common factor of 736 and 138.
46
What is the highest common factor of 884 and 9061?
221
Calculate the greatest common divisor of 1920 and 1320.
120
What is the highest common divisor of 182 and 754?
26
What is the greatest common factor of 6006 and 616?
154
What is the greatest common divisor of 155 and 30?
5
What is the highest common divisor of 60 and 348?
12
Calculate the greatest common factor of 1910 and 90.
10
Calculate the greatest common factor of 561 and 51.
51
What is the highest common divisor of 2033 and 749?
107
What is the greatest common divisor of 72 and 48?
24
What is the highest common factor of 88 and 6248?
88
What is the greatest common divisor of 50 and 6?
2
What is the greatest common divisor of 19 and 57?
19
What is the highest common factor of 13940 and 102?
34
What is the greatest common divisor of 441 and 45?
9
Calculate the highest common divisor of 102 and 1258.
34
Calculate the greatest common divisor of 8 and 1912.
8
What is the greatest common divisor of 67 and 21842?
67
Calculate the greatest common divisor of 2436 and 756.
84
What is the greatest common divisor of 2610 and 754?
58
Calculate the greatest common factor of 1786 and 38.
38
What is the highest common divisor of 275 and 165?
55
Calculate the highest common divisor of 840 and 112.
56
Calculate the greatest common factor of 70 and 308.
14
What is the greatest common factor of 410 and 250?
10
Calculate the highest common factor of 220 and 176.
44
Calculate the greatest common divisor of 30 and 1275.
15
What is the greatest common divisor of 144 and 6264?
72
What is the greatest common divisor of 1345 and 5?
5
Calculate the greatest common divisor of 160 and 14080.
160
What is the greatest common factor of 62 and 1426?
62
Calculate the highest common divisor of 61 and 1.
1
What is the greatest common divisor of 216 and 168?
24
Calculate the greatest common divisor of 30 and 170.
10
What is the highest common factor of 6 and 2514?
6
What is the highest common factor of 174 and 7047?
87
Calculate the greatest common factor of 35100 and 13.
13
Calculate the highest common divisor of 5115 and 30.
15
Calculate the greatest common factor of 2250 and 6.
6
What is the highest common divisor of 19190 and 190?
190
Calculate the greatest common factor of 28 and 7.
7
Calculate the greatest common divisor of 1312 and 1230.
82
Calculate the greatest common factor of 495 and 55.
55
What is the highest common divisor of 20 and 41070?
10
What is the greatest common factor of 18 and 858?
6
What is the greatest common factor of 2 and 30?
2
Calculate the highest common factor of 224 and 800.
32
What is the greatest common factor of 18105 and 1020?
255
What is the highest common factor of 106 and 8?
2
What is the highest common divisor of 68154 and 37?
37
What is the highest common divisor of 104 and 442?
26
Calculate the highest common divisor of 170 and 646.
34
What is the highest common divisor of 119 and 721?
7
Calculate the greatest common factor of 16 and 248.
8
Calculate the highest common factor of 2 and 76.
2
Calculate the highest common factor of 6320 and 32.
16
What is the highest common divisor of 424 and 8?
8
What is the greatest common factor of 96 and 5344?
32
What is the highest common divisor of 98 and 56?
14
Calculate the greatest common divisor of 344 and 72.
8
Calculate the greatest common factor of 56 and 238.
14
Calculate the greatest common factor of 45 and 95.
5
What is the greatest common divisor of 56666 and 116?
58
What is the highest common divisor of 506 and 99?
11
Calculate the highest common divisor of 5112 and 72.
72
What is the greatest common factor of 98 and 10878?
98
What is the highest common factor of 83 and 21331?
83
What is the greatest common divisor of 11 and 68321?
11
What is the highest common divisor of 850 and 68?
34
Calculate the greatest common factor of 623 and 89.